4
Let w(n) = 9*n**3 - 1879*n**2 - 427*n + 1893. What is w(209)?
12
Let s(l) = -l**2 - 43*l + 44. What is s(16)?
-900
Let u(n) = n**3 + 100*n**2 + 189*n - 909. Determine u(-98).
-223
Let d(o) = o**3 + 5. Determine d(-5).
-120
Let d(j) = -j**3 - 19*j**2 - 24*j - 114. What is d(-18)?
-6
Let p(o) = -568*o - 26742. Determine p(-47).
-46
Let j(i) = -64*i - 1102. Calculate j(-16).
-78
Let c(g) = g**2 + 52*g + 69. What is c(-50)?
-31
Let t(n) = n**3 + 35*n**2 - 694*n + 82. What is t(14)?
-30
Let n(c) = 445*c - 5315. Determine n(12).
25
Let f(y) = y**3 - 90*y**2 + 649*y + 62. Determine f(8).
6
Let j(f) = 1670*f + 81840. Give j(-49).
10
Let r(b) = -2*b**2 + 139*b + 3254. Determine r(88).
-2
Let q(p) = -2*p**2 - 52*p + 22. Calculate q(0).
22
Let s(a) = 4*a**2 + 24*a - 116. What is s(6)?
172
Let t(v) = v**3 - 268*v**2 + 1060*v - 1073. Determine t(264).
-17
Let t(o) = -o**3 - 11*o**2 + 166*o + 1522. What is t(-8)?
2
Let u(f) = 3435*f + 48093. Calculate u(-14).
3
Let x(h) = -2*h**2 - 83*h - 873. What is x(-18)?
-27
Let o(v) = -120*v + 1330. Determine o(11).
10
Let j(v) = -25*v**2 - 395*v + 117. What is j(-16)?
37
Let f(o) = -44*o + 4107. What is f(93)?
15
Let w(t) = t**3 + 10*t**2 + 10*t + 261. What is w(-12)?
-147
Let h(b) = b**3 + 14*b**2 - 37*b - 68. What is h(-16)?
12
Let i(s) = -s**3 - s**2 + 4*s + 90. What is i(0)?
90
Let i(u) = 9*u - 506. Give i(56).
-2
Let i(j) = 5*j**3 - 39*j**2 + 2*j - 73. Determine i(8).
7
Let h(g) = -369*g + 7004. Give h(19).
-7
Let o(q) = 15*q + 66. Give o(9).
201
Let a(l) = -l**3 + 40*l**2 + 83*l + 46. Give a(42).
4
Let h(p) = 7*p**2 - 71*p + 292. Calculate h(4).
120
Let w(r) = 3*r**2 + 220*r - 1360. Give w(-79).
-17
Let u(x) = -3*x + 128. What is u(6)?
110
Let i(h) = -h**3 + h**2 - 3*h - 838. Calculate i(-9).
-1
Let j(w) = 55*w + 303. Determine j(-11).
-302
Let y(x) = -2*x - 53. Calculate y(36).
-125
Let o(i) = 51*i - 2051. What is o(41)?
40
Let k(q) = q**2 - 15*q + 115. Calculate k(10).
65
Let v(f) = -2*f**2 + 17*f + 23. Determine v(14).
-131
Let c(m) = -32*m**3 + 4*m + 3. Determine c(-1).
31
Let u(b) = -59*b + 799. What is u(13)?
32
Let h(i) = -88*i**2 - 355*i - 18. Calculate h(-6).
-1056
Let m(o) = -5*o**2 + 11*o - 25. What is m(3)?
-37
Let p(t) = 65*t - 1242. Give p(14).
-332
Let q(z) = 10*z - 164. Calculate q(12).
-44
Let t(r) = -r**2 - 7*r + 455. Determine t(-26).
-39
Let b(n) = n**3 + 19*n**2 - 63*n - 504. What is b(-21)?
-63
Let v(b) = -b**3 + 11*b**2 + 84*b - 862. What is v(12)?
2
Let l(h) = -3*h**2 + 30*h + 42. What is l(10)?
42
Let j(u) = 80*u - 172. What is j(-2)?
-332
Let i(v) = 2*v**3 + 2*v**2 - 64*v - 138. Give i(-5).
-18
Let w(v) = -41*v - 468. What is w(-11)?
-17
Let o(q) = -524*q - 28875. Calculate o(-55).
-55
Let n(t) = -t**2 + 51*t - 320. What is n(7)?
-12
Let w(g) = 4*g**2 - 333*g - 361. What is w(84)?
-109
Let c(i) = -6*i - 176. Give c(39).
-410
Let t(a) = -a**3 + a**2 + 126*a - 252. Determine t(2).
-4
Let z(c) = 105*c + 687. Determine z(-6).
57
Let w(k) = -8*k**2 - 72*k - 124. What is w(-6)?
20
Let a(p) = p**3 + 3*p**2 - 1166*p + 784. Calculate a(-36).
-8
Let g(r) = 4*r**2 - 240*r + 328. Give g(58).
-136
Let h(r) = -2*r**2 - 68*r - 2. What is h(-35)?
-72
Let h(z) = z**2 + 26*z - 4274. Determine h(-80).
46
Let g(i) = -1472*i + 73594. Determine g(50).
-6
Let k(h) = h**2 + 5*h - 372. Give k(-18).
-138
Let z(v) = -124*v + 7047. What is z(57)?
-21
Let r(p) = -1804*p + 1774. Determine r(1).
-30
Let o(p) = 51*p**2 + 2097*p + 28. Determine o(-41).
-218
Let i(q) = -21*q**2 - 6*q + 217. Calculate i(0).
217
Let k(d) = -551*d + 14898. What is k(27)?
21
Let l(a) = 9*a. Determine l(13).
117
Let w(k) = 2*k**2 - 12*k + 12. Give w(6).
12
Let k(t) = t**3 - 29*t**2 + 4*t - 41. Calculate k(29).
75
Let g(p) = -p**3 - 15*p**2 + 182*p - 53. Determine g(-23).
-7
Let u(i) = i**2 + 61*i - 2606. Determine u(29).
4
Let i(t) = -413*t + 4556. What is i(11)?
13
Let o(p) = -p**3 + 7*p**2 + 51*p + 113. Give o(12).
5
Let s(w) = 2*w**2 - 58*w + 10. Give s(16).
-406
Let a(c) = c**3 - c**2 + 58*c - 190. Calculate a(3).
2
Let i(s) = -s + 22. Calculate i(14).
8
Let g(s) = s**3 + 40*s**2 - 82*s + 85. What is g(-42)?
1
Let t(c) = c**3 - 6*c**2 - 45*c + 238. What is t(8)?
6
Let z(c) = -57*c - 1590. What is z(-28)?
6
Let t(q) = -2*q**3 + 21*q**2 - 8*q + 531. Determine t(12).
3
Let f(h) = h**2 - 94*h - 191. What is f(-2)?
1
Let u(g) = -2*g**3 + 30*g**2 - 87*g + 185. Calculate u(12).
5
Let x(v) = v**3 - 3*v**2 + 3*v + 102. Determine x(0).
102
Let m(z) = -z**3 + 65*z**2 + 2601*z + 283. Calculate m(93).
4
Let o(l) = -2*l**2 + 170*l - 649. Calculate o(4).
-1
Let k(l) = -451*l - 2274. What is k(-5)?
-19
Let j(g) = 4*g - 739. Calculate j(17).
-671
Let s(m) = 9171*m**2 + 55028*m + 17. Give s(-6).
5
Let d(r) = -224*r + 3130. Determine d(14).
-6
Let d(m) = 8*m - 127. Calculate d(12).
-31
Let w(i) = 2*i**3 + 110*i**2 + 199*i - 644. Determine w(-53).
45
Let m(b) = 2*b**2 - 29*b + 68. Give m(4).
-16
Let l(n) = -773*n - 10124. What is l(-13)?
-75
Let h(p) = 2*p**3 - 13*p**2 - 35*p + 10. Calculate h(8).
-78
Let f(a) = -10*a**2 + 88*a + 376. What is f(12)?
-8
Let x(o) = -5*o**3 + 5*o**2 - 8*o - 4. Determine x(4).
-276
Let q(s) = 60*s - 58. Give q(3).
122
Let q(n) = -3*n**2 + 189*n + 491. Determine q(66).
-103
Let o(h) = h**2 - 78*h + 1235. Calculate o(56).
3
Let x(w) = -w**3 + 70*w**2 + 138*w + 405. Determine x(72).
-27
Let h(o) = o**3 - 16*o**2 + 34*o - 14. Determine h(13).
-79
Let k(s) = s**2 + 146*s + 2012. Calculate k(-15).
47
Let x(l) = -3*l**2 - 106*l - 206. Give x(-2).
-6
Let j(o) = -91*o. What is j(2)?
-182
Let n(y) = -y**2 + 80*y - 313. Determine n(76).
-9
Let s(g) = -80*g - 4090. Calculate s(-51).
-10
Let o(d) = -31*d - 364. What is o(-12)?
8
Let b(r) = r**3 - 48*r**2 + 12*r - 579. Determine b(48).
-3
Let a(j) = 190*j + 4524. What is a(-21)?
534
Let i(n) = -n**3 + 11*n**2 + 10*n - 8. Calculate i(1).
12
Let m(l) = -14*l + 1264. Determine m(88).
32
Let u(j) = j**3 + 13*j**2 - 78*j - 57. Determine u(5).
3
Let l(c) = -c**2 + 152*c - 298. Calculate l(2).
2
Let o(w) = -67*w + 2169. Calculate o(31).
92
Let v(g) = -2*g**2 - 86*g - 40. Give v(-43).
-40
Let i(b) = b**3 + 3*b - 110. Give i(0).
-110
Let a(o) = o**3 - 16*o**2 - 42*o + 675. Determine a(16).
3
Let u(x) = 8*x - 155. Determine u(2).
-139
Let h(c) = -72*c + 1260. What is h(11)?
468
Let c(d) = -44*d**2 - 304*d - 23. Give c(-7).
-51
Let r(p) = -2*p**2 - 48*p + 157. Calculate r(-29).
-133
Let l(q) = -3*q - 187. Calculate l(-18).
-133
Let w(f) = 2*f - 194. Give w(54).
-86
Let o(n) = -2*n**3 + 4*n**2 + 6*n - 6. What is o(-5)?
314
Let h(a) = 3*a**2 - 57*a + 110. What is h(17)?
8
Let i(c) = 1431*c - 4299. Determine i(3).
-6
Let a(d) = 16*d + 292. Give a(-18).
4
Let u(k) = -6*k + 12. Calculate u(-2).
24
Let n(d) = 2*d**2 + 339*d + 6619. Give n(-147).
4
Let h(n) = 501*n + 514. Calculate h(-1).
13
Let u(n) = 617*n + 63545. What is u(-103)?
-6
Let r(c) = c**2 - 29*c + 31. Determine r(12).
-173
Let g(t) = -2*t**3 - 107*t**2 - 75*t - 1161. Determine g(-53).
5
Let g(t) = -3*t**3 - 57*t**2 - 25*t - 477. Determine g(-19).
-2
Let c(d) = -2*d**3 + 23*d**2 - 25*d + 131. What is c(11)?
-23
Let y(d) = 8*d + 32. Calculate y(3).
56
Let t(x) = -93*x**2 + 264*x + 47. Give t(3).
2
Let j(m) = -121*m**2 + 480*m + 1. Give j(4).
-15
Let i(n) = n**2 + 53*n - 63. Give i(-54).
-9
Let h(i) = -19*i - 149. Calculate h(-8).
3
Let h(w) = -w**3 + 14*w**2 - 48*w + 78. Calculate h(10).
-2
Let w(q) = q**3 + 2*q**2 - 957*q - 73. Calculate w(30).
17
Let s(w) = 5372*w - 139676. Give s(26).
-4
Let y(q) = -7*q**2 - 20*q - 2. What is y(-2)?
10
Let v(j) = j**3 + 9*j**2 + 21*j + 48. Give v(-7).
-1
Let z(t) = 2*t**2 + 3276*t + 6552. Calculate z(-2).
8
Let b(c) = -10*c + 416. Give b(21).
206
Let u(x) = -2963*x - 11864. What is u(-4)?
-12
Let r(u) = u**3 + 30*u**2 - 86*u + 422. Give r(-33).
-7
Let v(p) = -2*p**3 - 570*p**2 + 572*p - 6. Give v(-286).
-6
Let r(w) = -6*w**2 + 2*w + 2. What is r(3)?
-46
Let x(f) = 3*f**3 - 42*f**2 - 4*f + 8. What is x(14)?
-48
Let a(f) = -2*f**3 + 93*f**2 - 144*f + 403. Give a(45).
-2
Let h(f) = -3995*f + 23975. Determine h(6).
5
Let q(i) = -88*i - 1413. Determine q(-16).
-5
Let c(u) = u**3 - 27*u**2 + 76*u - 2048. Calculate c(27).
4
Let d(i) = -i**2 + 4*i + 174. What is d(18)?
-78
Let m(d) = -3*d**2 - 60*d - 979. Deter